= 4*o - 7*o + 18. Suppose -7*b = 4*b - 22. Suppose -t - o*n + 36 = -2*n, -n = b*t - 72. Calculate the highest common divisor of t and 9.
9
Suppose -120*c + 370 - 406 = -1356. What is the highest common factor of c and 15983?
11
Let y be -3 + (48 + -42)/((-3)/(-2)). Let s(a) = 8*a**2 + 8 - 7*a - 5*a**2 + 4*a**2 - a**3. Let b be s(6). Calculate the greatest common factor of y and b.
1
Suppose 5 + 98 = 10*j + 13. What is the highest common divisor of j and 16893?
9
Suppose 2*g = 12 - 2. Suppose 0*y = g*y - 275. Let s = -10 + y. What is the highest common factor of 5 and s?
5
Let r(t) = t**2 - 32*t - 14. Let a be r(17). Let q = -386 - a. Let s = q - -135. Calculate the highest common divisor of s and 12.
6
Suppose -o + 529 = 3*x, 2*o + 342 = -211*x + 213*x. Suppose 4*r - 7 = -k - r, 5*k + 4*r - 35 = 0. What is the highest common divisor of k and x?
7
Let y be 20/(-3840)*-16 + 2782/24. What is the greatest common divisor of 2146 and y?
58
Suppose -4*p - 119 = -11*p. Let c be 204*(-4 - (-95)/20). Calculate the greatest common divisor of c and p.
17
Let n be (2378/1624 - ((-6)/8)/3)*532. Calculate the highest common factor of n and 2793.
57
Suppose 53*m - m = 6188. Let k = -14 + 31. What is the highest common divisor of m and k?
17
Let m(c) = -2*c + 46. Let a be m(15). Let r(t) = -2*t + 60. Let i be r(10). What is the highest common divisor of a and i?
8
Let p = 5759 + -3253. What is the greatest common divisor of 28 and p?
14
Let u be (296/(-16) + 0)*-2. Suppose -52*l + u*l = -600. Calculate the greatest common divisor of 140 and l.
20
Let m(q) = -92*q**3 - 6*q**2 + 8*q + 16. Let c be m(-4). What is the highest common divisor of 32 and c?
16
Let p(w) = 2*w**2 - 32*w + 24. Let k be (3 + (-5)/10)/(2/(-4)). Let y be -1*5*(26/k - -2). Let i be p(y). What is the highest common factor of 60 and i?
12
Let s be 36/16 - (-2)/(-8). Let n(h) = -10*h - 1. Let i be n(-5). Suppose -s*a + 143 = i. Calculate the highest common factor of 47 and a.
47
Let n = -1675 - -2754. Let h = n + -951. What is the greatest common factor of h and 48?
16
Let s be (-6)/(-14) + (-25564)/196. Let k be ((-360)/75)/(2/s). Calculate the greatest common factor of 48 and k.
24
Let i be 3*(-5)/15 + 4. Suppose -i*f = -5*q + 10, -2 = 2*f - 3*q + 4. Suppose f = t + 5*t - 90. What is the highest common divisor of t and 45?
15
Suppose -9*s - 60 = -14*s. Let a = 1251 - 1199. What is the greatest common factor of a and s?
4
Suppose -8 = -s - y, -44*s + 4*y - 4 = -41*s. Suppose -8*p + 6*p + 76 = 0. Let g = 30 + p. Calculate the greatest common factor of g and s.
4
Let a(u) = u**3 - 27*u**2 - 20*u - 36. Let w be a(29). Calculate the greatest common divisor of 41 and w.
41
Let u(y) = -16*y + 76. Let h be u(6). Let m be 4/(-10) - 47*4/h. What is the greatest common factor of m and 12?
3
Suppose 82*u - 542*u + 53*u + 39886 = 0. What is the greatest common factor of u and 16?
2
Let q be (1 - 2) + (8 - (0 - -5)). Suppose -q*h = 5*h + 7. Let p be (-56)/(-10) - (-4)/(-10)*h. What is the greatest common divisor of p and 42?
6
Let k = 8364 + 6778. Calculate the greatest common divisor of 67 and k.
67
Let r = -162 + 188. Let n be (-11 + 4 + 4)/((-2)/r). What is the highest common divisor of 13 and n?
13
Suppose -10923 + 1095 = -6*x. Calculate the highest common factor of 45 and x.
9
Suppose 0 = 5*o + 11*x - 3156, -34*o + 39*o = -x + 3196. What is the highest common factor of 400 and o?
80
Let p(g) = -2*g - 18. Let k be p(0). Let a be (-17 + -1)*48/k. Calculate the highest common divisor of 3 and a.
3
Let o(q) = 2*q**3 - 2*q**2 + 4*q + 7. Let h be o(4). What is the highest common divisor of 272 and h?
17
Let b = -82 + 90. Suppose b*y + 0*y = 1040. What is the highest common factor of y and 20?
10
Suppose 0 = -6*o + 713 - 797. Let i be 4 + 5 + -5 - o. Let c = 114 - 24. What is the highest common factor of i and c?
18
Suppose 2*r - 5 = 6*g - 3*g, -14 = 2*g - 4*r. Let p be 12/g - (-3 + 2). Let o be 1/(-8)*-6 + ((-6253)/(-52) - 4). What is the highest common factor of p and o?
13
Let w = -4359 - -4363. Calculate the highest common divisor of 3512 and w.
4
Suppose 3*x + 120 = 4*p, 4*p + 37*x = 42*x + 128. Let h(r) = 11*r - 2. Let i be h(1). What is the highest common divisor of p and i?
9
Suppose -48 = -q - 26. Let j be 2/(-6)*(-8 + -586). What is the highest common factor of j and q?
22
Let j(b) be the third derivative of -5/3*b**3 + 7/24*b**4 + 0*b + 1/30*b**5 - 4*b**2 + 0. Let l be j(5). Calculate the greatest common divisor of 15 and l.
15
Suppose 519*c - 531*c + 158 - 50 = 0. Calculate the highest common divisor of c and 3.
3
Let w = 1325 + -547. Suppose w = 3*m + 322. Calculate the greatest common divisor of 8 and m.
8
Suppose -5*j + 109 = -3*g, -2*j + g + 55 = -4*g. Let p = j - 8. Calculate the highest common divisor of p and 16.
4
Let b(h) = 2*h**2 - 166*h - 1717. Let i be b(-10). Let f = 7 - 5. Suppose -61 = -5*q - f*u, 3*u + 21 = q - u. What is the highest common divisor of i and q?
13
Suppose 0 = 2*h - 4*r - 32, 5*h + 3*r - 26 = 54. Suppose 0 = -j + h - 9. Calculate the greatest common factor of 63 and j.
7
Let v be (85 - 92)*(-1)/((-6)/(-378)). Suppose 3*i - 21 = 2*i. Calculate the highest common factor of i and v.
21
Let f(y) = y**2 - 14*y - 22. Let s be f(15). Let n(k) = 2*k + 29. Let m be n(s). Let u be (18/m)/((-6)/(-40)). Calculate the highest common divisor of u and 64.
8
Let r = -58 - -52. Let i = -2 - r. Suppose -i*w - 2*q = -356, w + 5*q + 0*q = 80. Calculate the highest common divisor of 18 and w.
18
Suppose 7 = 4*q + 31. Let u(j) be the second derivative of j**3/6 + 10*j**2 + 16*j. Let l be u(q). Calculate the highest common factor of 70 and l.
14
Let r(p) = -p**2 - 24*p + 596. Let k be r(-39). What is the highest common divisor of 2453 and k?
11
Let k = -30373 - -43771. What is the greatest common factor of k and 84?
42
Suppose 4*i + 14 = b, -29*b - 2*i = -27*b + 2. Let t be (0 + 1)*(1 + -2). Let w be -2 - (-7 - t)*1. Calculate the highest common divisor of w and b.
2
Suppose 3*z - 232*x + 228*x = 48, z = -4*x - 32. What is the highest common divisor of z and 1570?
2
Let h = 564 + -557. Suppose 0 = 3*t - 9, -2*t + 3*t + h = w. What is the greatest common factor of w and 590?
10
Suppose -7*o - 534 = -4*o + d, -522 = 3*o + 5*d. Let p = -150 - o. Calculate the highest common factor of 58 and p.
29
Suppose -40*g + 23*g = -44*g + 1782. Calculate the greatest common divisor of g and 1144.
22
Let k(i) = i**2 + 24*i + 24. Suppose 0 = 23*g + 622 - 70. Let h be k(g). What is the greatest common factor of h and 56?
8
Suppose -h + 5 = -0*h, t - 4*h + 13 = 0. Let o be (42/(-8))/(14/((-2744)/(-1939)) + -10). Calculate the greatest common factor of o and t.
7
Let a = -21737 + 22511. What is the highest common divisor of 21414 and a?
258
Let v(d) = -d**3 - 4*d**2 + 27*d + 48. Let i be v(-11). What is the highest common divisor of i and 437?
23
Suppose -j + 22227 = 5*u, -99627 = -5*j - 8*u + 11525. Calculate the greatest common factor of j and 56.
56
Let a be 5/(-315)*-18 - (-11854)/14. Calculate the greatest common divisor of a and 14.
7
Suppose 207074 = 42*j + 37856. Calculate the greatest common factor of 51 and j.
51
Suppose -78*q + 96*q - 7926 = 15204. What is the greatest common divisor of q and 5?
5
Suppose -20*u + 8193 = -16*u + 3*l, -5*l = 5*u - 10245. Calculate the greatest common divisor of u and 18.
6
Let i(h) = 1095*h**2 - 54*h - 208. Let m be i(-4). What is the highest common divisor of 56 and m?
56
Let d be (-8 - 286)/(4/6*-3). Calculate the highest common divisor of d and 672.
21
Let y be 127100/93 + -37 - (-1)/3. Calculate the greatest common divisor of y and 140.
70
Suppose 17*q - 3739 - 1600 = -664. Let a(p) = p**2 + 6*p + 15. Suppose n + 16 - 6 = 0. Let o be a(n). What is the highest common factor of o and q?
55
Let r(g) = -121*g - 4221. Let i be r(-36). What is the highest common divisor of 2592 and i?
27
Suppose -22*d - 24*d + 51722 = -114338. What is the greatest common divisor of 30 and d?
10
Suppose -4 = -8*j + 6*j. Suppose 3*d = j*b - 135, 10*b - 15*b = 4*d - 280. Calculate the greatest common divisor of 420 and b.
60
Suppose 10*z = -10*z - 240. Let r be z/(-14)*(-3150)/(-6). Calculate the greatest common factor of 50 and r.
50
Suppose -z - 212 = 370. Let g be z/(-18) + (-1)/